{"id":10,"date":"2012-07-02T14:57:16","date_gmt":"2012-07-02T14:57:16","guid":{"rendered":"http:\/\/association.epireuil.fr\/?page_id=10"},"modified":"2022-12-20T10:08:40","modified_gmt":"2022-12-20T10:08:40","slug":"notre-equipe","status":"publish","type":"page","link":"https:\/\/associationepireuil.fr\/?page_id=10","title":{"rendered":"L&rsquo;\u00e9quipe"},"content":{"rendered":"\t\t<div data-elementor-type=\"wp-page\" data-elementor-id=\"10\" class=\"elementor elementor-10\">\n\t\t\t\t\t\t<section class=\"elementor-section elementor-top-section elementor-element elementor-element-3e269c8 elementor-section-boxed elementor-section-height-default elementor-section-height-default\" data-id=\"3e269c8\" data-element_type=\"section\">\n\t\t\t\t\t\t<div class=\"elementor-container elementor-column-gap-default\">\n\t\t\t\t\t<div class=\"elementor-column elementor-col-100 elementor-top-column elementor-element elementor-element-1ffc6a2\" data-id=\"1ffc6a2\" data-element_type=\"column\">\n\t\t\t<div class=\"elementor-widget-wrap elementor-element-populated\">\n\t\t\t\t\t\t<div class=\"elementor-element elementor-element-4aa4f8d elementor-widget elementor-widget-text-editor\" data-id=\"4aa4f8d\" data-element_type=\"widget\" data-widget_type=\"text-editor.default\">\n\t\t\t\t<div class=\"elementor-widget-container\">\n\t\t\t\t\t\t\t<p>Epireuil, c&rsquo;est une \u00e9quipe chaleureuse et dynamique \u00e0 votre \u00e9coute et votre service, partageant des valeurs de respect et de solidarit\u00e9. Elle est compos\u00e9e \u00e0 la fois :<\/p><ul><li><a title=\"Le Conseil d\u2019Administration\" href=\"http:\/\/associationepireuil.fr\/?page_id=12\">du Conseil d&rsquo;Administration<\/a><\/li><li><a title=\"Les salari\u00e9s\" href=\"http:\/\/associationepireuil.fr\/?page_id=15\">de Salari\u00e9s<\/a><\/li><li><a title=\"Les b\u00e9n\u00e9voles\" href=\"http:\/\/associationepireuil.fr\/?page_id=17\">de B\u00e9n\u00e9voles<\/a><\/li><li><a title=\"Jeunes en service civique\" href=\"http:\/\/associationepireuil.fr\/?page_id=249\">de Jeunes en service civique<\/a>.<\/li><\/ul>\t\t\t\t\t\t<\/div>\n\t\t\t\t<\/div>\n\t\t\t\t\t<\/div>\n\t\t<\/div>\n\t\t\t\t\t<\/div>\n\t\t<\/section>\n\t\t\t\t<section class=\"elementor-section elementor-top-section elementor-element elementor-element-01ee41a elementor-section-boxed elementor-section-height-default elementor-section-height-default\" data-id=\"01ee41a\" data-element_type=\"section\">\n\t\t\t\t\t\t<div class=\"elementor-container elementor-column-gap-default\">\n\t\t\t\t\t<div class=\"elementor-column elementor-col-100 elementor-top-column elementor-element elementor-element-5e7b640\" data-id=\"5e7b640\" data-element_type=\"column\">\n\t\t\t<div class=\"elementor-widget-wrap elementor-element-populated\">\n\t\t\t\t\t\t<div class=\"elementor-element elementor-element-d5f1af1 elementor-widget elementor-widget-spacer\" data-id=\"d5f1af1\" data-element_type=\"widget\" data-widget_type=\"spacer.default\">\n\t\t\t\t<div class=\"elementor-widget-container\">\n\t\t\t\t\t<div class=\"elementor-spacer\">\n\t\t\t<div class=\"elementor-spacer-inner\"><\/div>\n\t\t<\/div>\n\t\t\t\t<\/div>\n\t\t\t\t<\/div>\n\t\t\t\t\t<\/div>\n\t\t<\/div>\n\t\t\t\t\t<\/div>\n\t\t<\/section>\n\t\t\t\t<section class=\"elementor-section elementor-top-section elementor-element elementor-element-7d4d6c9 elementor-section-boxed elementor-section-height-default elementor-section-height-default\" data-id=\"7d4d6c9\" data-element_type=\"section\">\n\t\t\t\t\t\t<div class=\"elementor-container elementor-column-gap-default\">\n\t\t\t\t\t<div class=\"elementor-column elementor-col-100 elementor-top-column elementor-element elementor-element-5f23f6f\" data-id=\"5f23f6f\" data-element_type=\"column\">\n\t\t\t<div class=\"elementor-widget-wrap elementor-element-populated\">\n\t\t\t\t\t\t<div class=\"elementor-element elementor-element-14a3886 elementor-widget elementor-widget-image\" data-id=\"14a3886\" data-element_type=\"widget\" data-widget_type=\"image.default\">\n\t\t\t\t<div class=\"elementor-widget-container\">\n\t\t\t\t\t\t\t\t\t\t\t\t\t<img fetchpriority=\"high\" decoding=\"async\" width=\"640\" height=\"300\" src=\"https:\/\/associationepireuil.fr\/wp-content\/uploads\/2021\/03\/association_epireuil_equipe-640x300.png\" class=\"attachment-featured-blog-large size-featured-blog-large wp-image-4369\" alt=\"Equipe association Epireuil - visages dans des engrenages\" \/>\t\t\t\t\t\t\t\t\t\t\t\t\t<\/div>\n\t\t\t\t<\/div>\n\t\t\t\t\t<\/div>\n\t\t<\/div>\n\t\t\t\t\t<\/div>\n\t\t<\/section>\n\t\t\t\t<\/div>\n\t\t","protected":false},"excerpt":{"rendered":"<p>Epireuil, c&rsquo;est une \u00e9quipe chaleureuse et dynamique \u00e0 votre \u00e9coute et votre service, partageant des valeurs de respect et de solidarit\u00e9. Elle est compos\u00e9e \u00e0 la fois : du Conseil d&rsquo;Administration de Salari\u00e9s de B\u00e9n\u00e9voles de Jeunes en service civique.<\/p>\n","protected":false},"author":1,"featured_media":0,"parent":0,"menu_order":3,"comment_status":"closed","ping_status":"closed","template":"","meta":{"_eb_attr":"","footnotes":""},"yoast_head":"<!-- This site is optimized with the Yoast SEO plugin v22.2 - https:\/\/yoast.com\/wordpress\/plugins\/seo\/ -->\n<title>L&#039;\u00e9quipe -<\/title>\n<meta name=\"description\" content=\"Retrouvez ici l&#039;\u00e9quipe compl\u00e8te de l&#039;\u00e9picerie sociale et solidaire Epireuil qui vous accueille chaque jour avec le sourire\" \/>\n<meta name=\"robots\" content=\"index, follow, max-snippet:-1, max-image-preview:large, max-video-preview:-1\" \/>\n<link rel=\"canonical\" href=\"https:\/\/associationepireuil.fr\/?page_id=10\" \/>\n<meta property=\"og:locale\" content=\"fr_FR\" \/>\n<meta property=\"og:type\" content=\"article\" \/>\n<meta property=\"og:title\" content=\"L&#039;\u00e9quipe -\" \/>\n<meta property=\"og:description\" content=\"Retrouvez ici l&#039;\u00e9quipe compl\u00e8te de l&#039;\u00e9picerie sociale et solidaire Epireuil qui vous accueille chaque jour avec le sourire\" \/>\n<meta property=\"og:url\" content=\"https:\/\/associationepireuil.fr\/?page_id=10\" \/>\n<meta property=\"article:publisher\" content=\"https:\/\/www.facebook.com\/Epireuil\/\" \/>\n<meta property=\"article:modified_time\" content=\"2022-12-20T10:08:40+00:00\" \/>\n<meta property=\"og:image\" content=\"https:\/\/associationepireuil.fr\/wp-content\/uploads\/2021\/03\/association_epireuil_equipe-640x300.png\" \/>\n<meta name=\"twitter:card\" content=\"summary_large_image\" \/>\n<meta name=\"twitter:label1\" content=\"Dur\u00e9e de lecture estim\u00e9e\" \/>\n\t<meta name=\"twitter:data1\" content=\"1 minute\" \/>\n<script type=\"application\/ld+json\" class=\"yoast-schema-graph\">{\"@context\":\"https:\/\/schema.org\",\"@graph\":[{\"@type\":\"WebPage\",\"@id\":\"https:\/\/associationepireuil.fr\/?page_id=10\",\"url\":\"https:\/\/associationepireuil.fr\/?page_id=10\",\"name\":\"L'\u00e9quipe -\",\"isPartOf\":{\"@id\":\"https:\/\/associationepireuil.fr\/#website\"},\"primaryImageOfPage\":{\"@id\":\"https:\/\/associationepireuil.fr\/?page_id=10#primaryimage\"},\"image\":{\"@id\":\"https:\/\/associationepireuil.fr\/?page_id=10#primaryimage\"},\"thumbnailUrl\":\"https:\/\/associationepireuil.fr\/wp-content\/uploads\/2021\/03\/association_epireuil_equipe-640x300.png\",\"datePublished\":\"2012-07-02T14:57:16+00:00\",\"dateModified\":\"2022-12-20T10:08:40+00:00\",\"description\":\"Retrouvez ici l'\u00e9quipe compl\u00e8te de l'\u00e9picerie sociale et solidaire Epireuil qui vous accueille chaque jour avec le sourire\",\"breadcrumb\":{\"@id\":\"https:\/\/associationepireuil.fr\/?page_id=10#breadcrumb\"},\"inLanguage\":\"fr-FR\",\"potentialAction\":[{\"@type\":\"ReadAction\",\"target\":[\"https:\/\/associationepireuil.fr\/?page_id=10\"]}]},{\"@type\":\"ImageObject\",\"inLanguage\":\"fr-FR\",\"@id\":\"https:\/\/associationepireuil.fr\/?page_id=10#primaryimage\",\"url\":\"https:\/\/associationepireuil.fr\/wp-content\/uploads\/2021\/03\/association_epireuil_equipe.png\",\"contentUrl\":\"https:\/\/associationepireuil.fr\/wp-content\/uploads\/2021\/03\/association_epireuil_equipe.png\",\"width\":640,\"height\":394,\"caption\":\"Equipe association Epireuil\"},{\"@type\":\"BreadcrumbList\",\"@id\":\"https:\/\/associationepireuil.fr\/?page_id=10#breadcrumb\",\"itemListElement\":[{\"@type\":\"ListItem\",\"position\":1,\"name\":\"Accueil\",\"item\":\"https:\/\/associationepireuil.fr\/\"},{\"@type\":\"ListItem\",\"position\":2,\"name\":\"Notre \u00e9quipe\"}]},{\"@type\":\"WebSite\",\"@id\":\"https:\/\/associationepireuil.fr\/#website\",\"url\":\"https:\/\/associationepireuil.fr\/\",\"name\":\"\",\"description\":\"\",\"potentialAction\":[{\"@type\":\"SearchAction\",\"target\":{\"@type\":\"EntryPoint\",\"urlTemplate\":\"https:\/\/associationepireuil.fr\/?s={search_term_string}\"},\"query-input\":\"required name=search_term_string\"}],\"inLanguage\":\"fr-FR\"}]}<\/script>\n<!-- \/ Yoast SEO plugin. -->","yoast_head_json":{"title":"L'\u00e9quipe -","description":"Retrouvez ici l'\u00e9quipe compl\u00e8te de l'\u00e9picerie sociale et solidaire Epireuil qui vous accueille chaque jour avec le sourire","robots":{"index":"index","follow":"follow","max-snippet":"max-snippet:-1","max-image-preview":"max-image-preview:large","max-video-preview":"max-video-preview:-1"},"canonical":"https:\/\/associationepireuil.fr\/?page_id=10","og_locale":"fr_FR","og_type":"article","og_title":"L'\u00e9quipe -","og_description":"Retrouvez ici l'\u00e9quipe compl\u00e8te de l'\u00e9picerie sociale et solidaire Epireuil qui vous accueille chaque jour avec le sourire","og_url":"https:\/\/associationepireuil.fr\/?page_id=10","article_publisher":"https:\/\/www.facebook.com\/Epireuil\/","article_modified_time":"2022-12-20T10:08:40+00:00","og_image":[{"url":"https:\/\/associationepireuil.fr\/wp-content\/uploads\/2021\/03\/association_epireuil_equipe-640x300.png"}],"twitter_card":"summary_large_image","twitter_misc":{"Dur\u00e9e de lecture estim\u00e9e":"1 minute"},"schema":{"@context":"https:\/\/schema.org","@graph":[{"@type":"WebPage","@id":"https:\/\/associationepireuil.fr\/?page_id=10","url":"https:\/\/associationepireuil.fr\/?page_id=10","name":"L'\u00e9quipe -","isPartOf":{"@id":"https:\/\/associationepireuil.fr\/#website"},"primaryImageOfPage":{"@id":"https:\/\/associationepireuil.fr\/?page_id=10#primaryimage"},"image":{"@id":"https:\/\/associationepireuil.fr\/?page_id=10#primaryimage"},"thumbnailUrl":"https:\/\/associationepireuil.fr\/wp-content\/uploads\/2021\/03\/association_epireuil_equipe-640x300.png","datePublished":"2012-07-02T14:57:16+00:00","dateModified":"2022-12-20T10:08:40+00:00","description":"Retrouvez ici l'\u00e9quipe compl\u00e8te de l'\u00e9picerie sociale et solidaire Epireuil qui vous accueille chaque jour avec le sourire","breadcrumb":{"@id":"https:\/\/associationepireuil.fr\/?page_id=10#breadcrumb"},"inLanguage":"fr-FR","potentialAction":[{"@type":"ReadAction","target":["https:\/\/associationepireuil.fr\/?page_id=10"]}]},{"@type":"ImageObject","inLanguage":"fr-FR","@id":"https:\/\/associationepireuil.fr\/?page_id=10#primaryimage","url":"https:\/\/associationepireuil.fr\/wp-content\/uploads\/2021\/03\/association_epireuil_equipe.png","contentUrl":"https:\/\/associationepireuil.fr\/wp-content\/uploads\/2021\/03\/association_epireuil_equipe.png","width":640,"height":394,"caption":"Equipe association Epireuil"},{"@type":"BreadcrumbList","@id":"https:\/\/associationepireuil.fr\/?page_id=10#breadcrumb","itemListElement":[{"@type":"ListItem","position":1,"name":"Accueil","item":"https:\/\/associationepireuil.fr\/"},{"@type":"ListItem","position":2,"name":"Notre \u00e9quipe"}]},{"@type":"WebSite","@id":"https:\/\/associationepireuil.fr\/#website","url":"https:\/\/associationepireuil.fr\/","name":"","description":"","potentialAction":[{"@type":"SearchAction","target":{"@type":"EntryPoint","urlTemplate":"https:\/\/associationepireuil.fr\/?s={search_term_string}"},"query-input":"required name=search_term_string"}],"inLanguage":"fr-FR"}]}},"_links":{"self":[{"href":"https:\/\/associationepireuil.fr\/index.php?rest_route=\/wp\/v2\/pages\/10"}],"collection":[{"href":"https:\/\/associationepireuil.fr\/index.php?rest_route=\/wp\/v2\/pages"}],"about":[{"href":"https:\/\/associationepireuil.fr\/index.php?rest_route=\/wp\/v2\/types\/page"}],"author":[{"embeddable":true,"href":"https:\/\/associationepireuil.fr\/index.php?rest_route=\/wp\/v2\/users\/1"}],"replies":[{"embeddable":true,"href":"https:\/\/associationepireuil.fr\/index.php?rest_route=%2Fwp%2Fv2%2Fcomments&post=10"}],"version-history":[{"count":14,"href":"https:\/\/associationepireuil.fr\/index.php?rest_route=\/wp\/v2\/pages\/10\/revisions"}],"predecessor-version":[{"id":4543,"href":"https:\/\/associationepireuil.fr\/index.php?rest_route=\/wp\/v2\/pages\/10\/revisions\/4543"}],"wp:attachment":[{"href":"https:\/\/associationepireuil.fr\/index.php?rest_route=%2Fwp%2Fv2%2Fmedia&parent=10"}],"curies":[{"name":"wp","href":"https:\/\/api.w.org\/{rel}","templated":true}]}}

L&rsquo;équipe

<div data-elementor-type="wp-page" data-elementor-id="10" class="elementor elementor-10">
						<section class="elementor-section elementor-top-section elementor-element elementor-element-3e269c8 elementor-section-boxed elementor-section-height-default elementor-section-height-default" data-id="3e269c8" data-element_type="section">
						<div class="elementor-container elementor-column-gap-default">
					<div class="elementor-column elementor-col-100 elementor-top-column elementor-element elementor-element-1ffc6a2" data-id="1ffc6a2" data-element_type="column">
			<div class="elementor-widget-wrap elementor-element-populated">
						<div class="elementor-element elementor-element-4aa4f8d elementor-widget elementor-widget-text-editor" data-id="4aa4f8d" data-element_type="widget" data-widget_type="text-editor.default">
				<div class="elementor-widget-container">
							<p>Epireuil, c&rsquo;est une équipe chaleureuse et dynamique à votre écoute et votre service, partageant des valeurs de respect et de solidarité. Elle est composée à la fois :</p><ul><li><a title="Le Conseil d’Administration" href="http://associationepireuil.fr/?page_id=12">du Conseil d&rsquo;Administration</a></li><li><a title="Les salariés" href="http://associationepireuil.fr/?page_id=15">de Salariés</a></li><li><a title="Les bénévoles" href="http://associationepireuil.fr/?page_id=17">de Bénévoles</a></li><li><a title="Jeunes en service civique" href="http://associationepireuil.fr/?page_id=249">de Jeunes en service civique</a>.</li></ul>						</div>
				</div>
					</div>
		</div>
					</div>
		</section>
				<section class="elementor-section elementor-top-section elementor-element elementor-element-01ee41a elementor-section-boxed elementor-section-height-default elementor-section-height-default" data-id="01ee41a" data-element_type="section">
						<div class="elementor-container elementor-column-gap-default">
					<div class="elementor-column elementor-col-100 elementor-top-column elementor-element elementor-element-5e7b640" data-id="5e7b640" data-element_type="column">
			<div class="elementor-widget-wrap elementor-element-populated">
						<div class="elementor-element elementor-element-d5f1af1 elementor-widget elementor-widget-spacer" data-id="d5f1af1" data-element_type="widget" data-widget_type="spacer.default">
				<div class="elementor-widget-container">
					<div class="elementor-spacer">
			<div class="elementor-spacer-inner"></div>
		</div>
				</div>
				</div>
					</div>
		</div>
					</div>
		</section>
				<section class="elementor-section elementor-top-section elementor-element elementor-element-7d4d6c9 elementor-section-boxed elementor-section-height-default elementor-section-height-default" data-id="7d4d6c9" data-element_type="section">
						<div class="elementor-container elementor-column-gap-default">
					<div class="elementor-column elementor-col-100 elementor-top-column elementor-element elementor-element-5f23f6f" data-id="5f23f6f" data-element_type="column">
			<div class="elementor-widget-wrap elementor-element-populated">
						<div class="elementor-element elementor-element-14a3886 elementor-widget elementor-widget-image" data-id="14a3886" data-element_type="widget" data-widget_type="image.default">
				<div class="elementor-widget-container">
													<img fetchpriority="high" decoding="async" width="640" height="300" src="https://associationepireuil.fr/wp-content/uploads/2021/03/association_epireuil_equipe-640x300.png" class="attachment-featured-blog-large size-featured-blog-large wp-image-4369" alt="Equipe association Epireuil - visages dans des engrenages" />													</div>
				</div>
					</div>
		</div>
					</div>
		</section>
				</div>

<p>Epireuil, c&rsquo;est une équipe chaleureuse et dynamique à votre écoute et votre service, partageant des valeurs de respect et de solidarité. Elle est composée à la fois : du Conseil d&rsquo;Administration de Salariés de Bénévoles de Jeunes en service civique.</p>

<!-- This site is optimized with the Yoast SEO plugin v22.2 - https://yoast.com/wordpress/plugins/seo/ -->
<title>L&#039;équipe -</title>
<meta name="description" content="Retrouvez ici l&#039;équipe complète de l&#039;épicerie sociale et solidaire Epireuil qui vous accueille chaque jour avec le sourire" />
<meta name="robots" content="index, follow, max-snippet:-1, max-image-preview:large, max-video-preview:-1" />
<link rel="canonical" href="https://associationepireuil.fr/?page_id=10" />
<meta property="og:locale" content="fr_FR" />
<meta property="og:type" content="article" />
<meta property="og:title" content="L&#039;équipe -" />
<meta property="og:description" content="Retrouvez ici l&#039;équipe complète de l&#039;épicerie sociale et solidaire Epireuil qui vous accueille chaque jour avec le sourire" />
<meta property="og:url" content="https://associationepireuil.fr/?page_id=10" />
<meta property="article:publisher" content="https://www.facebook.com/Epireuil/" />
<meta property="article:modified_time" content="2022-12-20T10:08:40+00:00" />
<meta property="og:image" content="https://associationepireuil.fr/wp-content/uploads/2021/03/association_epireuil_equipe-640x300.png" />
<meta name="twitter:card" content="summary_large_image" />
<meta name="twitter:label1" content="Durée de lecture estimée" />
	<meta name="twitter:data1" content="1 minute" />
<script type="application/ld+json" class="yoast-schema-graph">{"@context":"https://schema.org","@graph":[{"@type":"WebPage","@id":"https://associationepireuil.fr/?page_id=10","url":"https://associationepireuil.fr/?page_id=10","name":"L'équipe -","isPartOf":{"@id":"https://associationepireuil.fr/#website"},"primaryImageOfPage":{"@id":"https://associationepireuil.fr/?page_id=10#primaryimage"},"image":{"@id":"https://associationepireuil.fr/?page_id=10#primaryimage"},"thumbnailUrl":"https://associationepireuil.fr/wp-content/uploads/2021/03/association_epireuil_equipe-640x300.png","datePublished":"2012-07-02T14:57:16+00:00","dateModified":"2022-12-20T10:08:40+00:00","description":"Retrouvez ici l'équipe complète de l'épicerie sociale et solidaire Epireuil qui vous accueille chaque jour avec le sourire","breadcrumb":{"@id":"https://associationepireuil.fr/?page_id=10#breadcrumb"},"inLanguage":"fr-FR","potentialAction":[{"@type":"ReadAction","target":["https://associationepireuil.fr/?page_id=10"]}]},{"@type":"ImageObject","inLanguage":"fr-FR","@id":"https://associationepireuil.fr/?page_id=10#primaryimage","url":"https://associationepireuil.fr/wp-content/uploads/2021/03/association_epireuil_equipe.png","contentUrl":"https://associationepireuil.fr/wp-content/uploads/2021/03/association_epireuil_equipe.png","width":640,"height":394,"caption":"Equipe association Epireuil"},{"@type":"BreadcrumbList","@id":"https://associationepireuil.fr/?page_id=10#breadcrumb","itemListElement":[{"@type":"ListItem","position":1,"name":"Accueil","item":"https://associationepireuil.fr/"},{"@type":"ListItem","position":2,"name":"Notre équipe"}]},{"@type":"WebSite","@id":"https://associationepireuil.fr/#website","url":"https://associationepireuil.fr/","name":"","description":"","potentialAction":[{"@type":"SearchAction","target":{"@type":"EntryPoint","urlTemplate":"https://associationepireuil.fr/?s={search_term_string}"},"query-input":"required name=search_term_string"}],"inLanguage":"fr-FR"}]}</script>
<!-- / Yoast SEO plugin. -->

L'équipe -

Retrouvez ici l'équipe complète de l'épicerie sociale et solidaire Epireuil qui vous accueille chaque jour avec le sourire

Notre équipe
