{"id":28,"date":"2012-07-03T07:29:30","date_gmt":"2012-07-03T07:29:30","guid":{"rendered":"http:\/\/associationepireuil.fr\/?page_id=28"},"modified":"2020-02-21T14:50:08","modified_gmt":"2020-02-21T14:50:08","slug":"modalites-dinscription","status":"publish","type":"page","link":"https:\/\/associationepireuil.fr\/?page_id=28","title":{"rendered":"Modalit\u00e9s d&rsquo;inscription"},"content":{"rendered":"<p>Les personnes ou familles en difficult\u00e9 du peuvent d\u00e9poser un dossier de demande d\u2019ouverture de droits accompagn\u00e9 des pi\u00e8ces justificatives&nbsp; par le biais de leur r\u00e9f\u00e9rent social (Canton de Louviers, Val de Reuil et Pont de l&rsquo; Arche) ou directement aupr\u00e8s de l\u2019association EPIREUIL (Canton de Val de Reuil)<\/p>\n<p>Ce dossier sera pr\u00e9sent\u00e9 en commission hebdomadaire pour \u00e9tude et d\u00e9cision d\u2019\u00e9ligibilit\u00e9.<\/p>\n<p>Ces commissions regroupent syst\u00e9matiquement la directrice de l&rsquo;Association et un travailleur social partenaire.<\/p>\n<p>Une r\u00e9union d&rsquo;accueil est organis\u00e9e chaque lundi matin \u00e0 10H. Elle est dor\u00e9navant rendue obligatoire. L&rsquo;histoire, les valeurs et le fonctionnement de l&rsquo;association y sont pr\u00e9sent\u00e9s dans leur int\u00e9gralit\u00e9.<\/p>\n<p>Ensuite, le b\u00e9n\u00e9ficiaire se verra remettre une carte mensuelle pr\u00e9cisant notamment le montant de son Cr\u00e9dit fictif et de sa participation. Un contrat d\u2019objectif est \u00e9galement sign\u00e9 de fa\u00e7on \u00e0 accompagner le b\u00e9n\u00e9ficiaire dans la r\u00e9solution de ses difficult\u00e9s.<\/p>\n\n\n<p><\/p>\n","protected":false},"excerpt":{"rendered":"<p>Les personnes ou familles en difficult\u00e9 du peuvent d\u00e9poser un dossier de demande d\u2019ouverture de droits accompagn\u00e9 des pi\u00e8ces justificatives&nbsp; par le biais de leur r\u00e9f\u00e9rent social (Canton de Louviers, Val de Reuil et Pont de l&rsquo; Arche) ou directement<\/p>\n","protected":false},"author":1,"featured_media":0,"parent":24,"menu_order":6,"comment_status":"closed","ping_status":"closed","template":"","meta":{"_eb_attr":"","footnotes":""},"yoast_head":"<!-- This site is optimized with the Yoast SEO plugin v22.2 - https:\/\/yoast.com\/wordpress\/plugins\/seo\/ -->\n<title>Modalit\u00e9s d&#039;inscription -<\/title>\n<meta name=\"robots\" content=\"index, follow, max-snippet:-1, max-image-preview:large, max-video-preview:-1\" \/>\n<link rel=\"canonical\" href=\"https:\/\/associationepireuil.fr\/?page_id=28\" \/>\n<meta property=\"og:locale\" content=\"fr_FR\" \/>\n<meta property=\"og:type\" content=\"article\" \/>\n<meta property=\"og:title\" content=\"Modalit\u00e9s d&#039;inscription -\" \/>\n<meta property=\"og:description\" content=\"Les personnes ou familles en difficult\u00e9 du peuvent d\u00e9poser un dossier de demande d\u2019ouverture de droits accompagn\u00e9 des pi\u00e8ces justificatives&nbsp; par le biais de leur r\u00e9f\u00e9rent social (Canton de Louviers, Val de Reuil et Pont de l&rsquo; Arche) ou directement\" \/>\n<meta property=\"og:url\" content=\"https:\/\/associationepireuil.fr\/?page_id=28\" \/>\n<meta property=\"article:publisher\" content=\"https:\/\/www.facebook.com\/Epireuil\/\" \/>\n<meta property=\"article:modified_time\" content=\"2020-02-21T14:50:08+00:00\" \/>\n<meta name=\"twitter:card\" content=\"summary_large_image\" \/>\n<meta name=\"twitter:label1\" content=\"Dur\u00e9e de lecture estim\u00e9e\" \/>\n\t<meta name=\"twitter:data1\" content=\"1 minute\" \/>\n<script type=\"application\/ld+json\" class=\"yoast-schema-graph\">{\"@context\":\"https:\/\/schema.org\",\"@graph\":[{\"@type\":\"WebPage\",\"@id\":\"https:\/\/associationepireuil.fr\/?page_id=28\",\"url\":\"https:\/\/associationepireuil.fr\/?page_id=28\",\"name\":\"Modalit\u00e9s d'inscription -\",\"isPartOf\":{\"@id\":\"https:\/\/associationepireuil.fr\/#website\"},\"datePublished\":\"2012-07-03T07:29:30+00:00\",\"dateModified\":\"2020-02-21T14:50:08+00:00\",\"breadcrumb\":{\"@id\":\"https:\/\/associationepireuil.fr\/?page_id=28#breadcrumb\"},\"inLanguage\":\"fr-FR\",\"potentialAction\":[{\"@type\":\"ReadAction\",\"target\":[\"https:\/\/associationepireuil.fr\/?page_id=28\"]}]},{\"@type\":\"BreadcrumbList\",\"@id\":\"https:\/\/associationepireuil.fr\/?page_id=28#breadcrumb\",\"itemListElement\":[{\"@type\":\"ListItem\",\"position\":1,\"name\":\"Accueil\",\"item\":\"https:\/\/associationepireuil.fr\/\"},{\"@type\":\"ListItem\",\"position\":2,\"name\":\"L&rsquo;\u00e9picerie\",\"item\":\"https:\/\/associationepireuil.fr\/?page_id=24\"},{\"@type\":\"ListItem\",\"position\":3,\"name\":\"Modalit\u00e9s d&rsquo;inscription\"}]},{\"@type\":\"WebSite\",\"@id\":\"https:\/\/associationepireuil.fr\/#website\",\"url\":\"https:\/\/associationepireuil.fr\/\",\"name\":\"\",\"description\":\"\",\"potentialAction\":[{\"@type\":\"SearchAction\",\"target\":{\"@type\":\"EntryPoint\",\"urlTemplate\":\"https:\/\/associationepireuil.fr\/?s={search_term_string}\"},\"query-input\":\"required name=search_term_string\"}],\"inLanguage\":\"fr-FR\"}]}<\/script>\n<!-- \/ Yoast SEO plugin. -->","yoast_head_json":{"title":"Modalit\u00e9s d'inscription -","robots":{"index":"index","follow":"follow","max-snippet":"max-snippet:-1","max-image-preview":"max-image-preview:large","max-video-preview":"max-video-preview:-1"},"canonical":"https:\/\/associationepireuil.fr\/?page_id=28","og_locale":"fr_FR","og_type":"article","og_title":"Modalit\u00e9s d'inscription -","og_description":"Les personnes ou familles en difficult\u00e9 du peuvent d\u00e9poser un dossier de demande d\u2019ouverture de droits accompagn\u00e9 des pi\u00e8ces justificatives&nbsp; par le biais de leur r\u00e9f\u00e9rent social (Canton de Louviers, Val de Reuil et Pont de l&rsquo; Arche) ou directement","og_url":"https:\/\/associationepireuil.fr\/?page_id=28","article_publisher":"https:\/\/www.facebook.com\/Epireuil\/","article_modified_time":"2020-02-21T14:50:08+00:00","twitter_card":"summary_large_image","twitter_misc":{"Dur\u00e9e de lecture estim\u00e9e":"1 minute"},"schema":{"@context":"https:\/\/schema.org","@graph":[{"@type":"WebPage","@id":"https:\/\/associationepireuil.fr\/?page_id=28","url":"https:\/\/associationepireuil.fr\/?page_id=28","name":"Modalit\u00e9s d'inscription -","isPartOf":{"@id":"https:\/\/associationepireuil.fr\/#website"},"datePublished":"2012-07-03T07:29:30+00:00","dateModified":"2020-02-21T14:50:08+00:00","breadcrumb":{"@id":"https:\/\/associationepireuil.fr\/?page_id=28#breadcrumb"},"inLanguage":"fr-FR","potentialAction":[{"@type":"ReadAction","target":["https:\/\/associationepireuil.fr\/?page_id=28"]}]},{"@type":"BreadcrumbList","@id":"https:\/\/associationepireuil.fr\/?page_id=28#breadcrumb","itemListElement":[{"@type":"ListItem","position":1,"name":"Accueil","item":"https:\/\/associationepireuil.fr\/"},{"@type":"ListItem","position":2,"name":"L&rsquo;\u00e9picerie","item":"https:\/\/associationepireuil.fr\/?page_id=24"},{"@type":"ListItem","position":3,"name":"Modalit\u00e9s d&rsquo;inscription"}]},{"@type":"WebSite","@id":"https:\/\/associationepireuil.fr\/#website","url":"https:\/\/associationepireuil.fr\/","name":"","description":"","potentialAction":[{"@type":"SearchAction","target":{"@type":"EntryPoint","urlTemplate":"https:\/\/associationepireuil.fr\/?s={search_term_string}"},"query-input":"required name=search_term_string"}],"inLanguage":"fr-FR"}]}},"_links":{"self":[{"href":"https:\/\/associationepireuil.fr\/index.php?rest_route=\/wp\/v2\/pages\/28"}],"collection":[{"href":"https:\/\/associationepireuil.fr\/index.php?rest_route=\/wp\/v2\/pages"}],"about":[{"href":"https:\/\/associationepireuil.fr\/index.php?rest_route=\/wp\/v2\/types\/page"}],"author":[{"embeddable":true,"href":"https:\/\/associationepireuil.fr\/index.php?rest_route=\/wp\/v2\/users\/1"}],"replies":[{"embeddable":true,"href":"https:\/\/associationepireuil.fr\/index.php?rest_route=%2Fwp%2Fv2%2Fcomments&post=28"}],"version-history":[{"count":17,"href":"https:\/\/associationepireuil.fr\/index.php?rest_route=\/wp\/v2\/pages\/28\/revisions"}],"predecessor-version":[{"id":2825,"href":"https:\/\/associationepireuil.fr\/index.php?rest_route=\/wp\/v2\/pages\/28\/revisions\/2825"}],"up":[{"embeddable":true,"href":"https:\/\/associationepireuil.fr\/index.php?rest_route=\/wp\/v2\/pages\/24"}],"wp:attachment":[{"href":"https:\/\/associationepireuil.fr\/index.php?rest_route=%2Fwp%2Fv2%2Fmedia&parent=28"}],"curies":[{"name":"wp","href":"https:\/\/api.w.org\/{rel}","templated":true}]}}