{"id":5284,"date":"2022-10-18T07:50:35","date_gmt":"2022-10-18T07:50:35","guid":{"rendered":"https:\/\/associationepireuil.fr\/?page_id=5284"},"modified":"2026-04-24T13:18:44","modified_gmt":"2026-04-24T13:18:44","slug":"nos-partenaires","status":"publish","type":"page","link":"https:\/\/associationepireuil.fr\/?page_id=5284","title":{"rendered":"Nos partenaires"},"content":{"rendered":"\t\t<div data-elementor-type=\"wp-page\" data-elementor-id=\"5284\" class=\"elementor elementor-5284\">\n\t\t\t\t\t\t<section class=\"elementor-section elementor-top-section elementor-element elementor-element-5ca41d3 elementor-section-boxed elementor-section-height-default elementor-section-height-default\" data-id=\"5ca41d3\" data-element_type=\"section\">\n\t\t\t\t\t\t<div class=\"elementor-container elementor-column-gap-default\">\n\t\t\t\t\t<div class=\"elementor-column elementor-col-100 elementor-top-column elementor-element elementor-element-d69db3a\" data-id=\"d69db3a\" data-element_type=\"column\">\n\t\t\t<div class=\"elementor-widget-wrap elementor-element-populated\">\n\t\t\t\t\t\t<div class=\"elementor-element elementor-element-af29af5 elementor-widget elementor-widget-text-editor\" data-id=\"af29af5\" data-element_type=\"widget\" data-widget_type=\"text-editor.default\">\n\t\t\t\t<div class=\"elementor-widget-container\">\n\t\t\t\t\t\t\t<p>Ils ont choisi de participer \u00e0 cette belle aventure que propose l&rsquo;association Epireuil. Ce sont nos partenaires.\u00a0<\/p><p>Ils nous apportent leur support gr\u00e2ce \u00e0 un soutien financier, \u00e0 un don de marchandises ou des services. Merci \u00e0 eux.<\/p><p>Et si vous voulez vous aussi apporter votre pierre \u00e0 l&rsquo;\u00e9difice, <a href=\"https:\/\/associationepireuil.fr\/?page_id=1263\">rejoignez-nous<\/a>.<\/p><p><strong>Certains<\/strong> de ces dons <strong>peuvent faire l\u2019objet d\u2019une d\u00e9fiscalisation<\/strong>.<\/p>\t\t\t\t\t\t<\/div>\n\t\t\t\t<\/div>\n\t\t\t\t\t<\/div>\n\t\t<\/div>\n\t\t\t\t\t<\/div>\n\t\t<\/section>\n\t\t\t\t<section class=\"elementor-section elementor-top-section elementor-element elementor-element-49c773b elementor-section-boxed elementor-section-height-default elementor-section-height-default\" data-id=\"49c773b\" data-element_type=\"section\">\n\t\t\t\t\t\t<div class=\"elementor-container elementor-column-gap-default\">\n\t\t\t\t\t<div class=\"elementor-column elementor-col-100 elementor-top-column elementor-element elementor-element-101a946\" data-id=\"101a946\" data-element_type=\"column\">\n\t\t\t<div class=\"elementor-widget-wrap elementor-element-populated\">\n\t\t\t\t\t\t<div class=\"elementor-element elementor-element-e170b75 elementor-widget elementor-widget-spacer\" data-id=\"e170b75\" data-element_type=\"widget\" data-widget_type=\"spacer.default\">\n\t\t\t\t<div class=\"elementor-widget-container\">\n\t\t\t\t\t<div class=\"elementor-spacer\">\n\t\t\t<div class=\"elementor-spacer-inner\"><\/div>\n\t\t<\/div>\n\t\t\t\t<\/div>\n\t\t\t\t<\/div>\n\t\t\t\t\t<\/div>\n\t\t<\/div>\n\t\t\t\t\t<\/div>\n\t\t<\/section>\n\t\t\t\t<section class=\"elementor-section elementor-top-section elementor-element elementor-element-780bab0 elementor-section-boxed elementor-section-height-default elementor-section-height-default\" data-id=\"780bab0\" data-element_type=\"section\">\n\t\t\t\t\t\t<div class=\"elementor-container elementor-column-gap-default\">\n\t\t\t\t\t<div class=\"elementor-column elementor-col-100 elementor-top-column elementor-element elementor-element-f0b025d\" data-id=\"f0b025d\" data-element_type=\"column\">\n\t\t\t<div class=\"elementor-widget-wrap elementor-element-populated\">\n\t\t\t\t\t\t<div class=\"elementor-element elementor-element-b27a219 elementor-widget elementor-widget-image\" data-id=\"b27a219\" data-element_type=\"widget\" data-widget_type=\"image.default\">\n\t\t\t\t<div class=\"elementor-widget-container\">\n\t\t\t\t\t\t\t\t\t\t\t\t\t<img fetchpriority=\"high\" decoding=\"async\" width=\"720\" height=\"388\" src=\"https:\/\/associationepireuil.fr\/wp-content\/uploads\/2026\/04\/260424_Epireuil_Merci_Partenaires_Logos-1024x552.png\" class=\"attachment-large size-large wp-image-5988\" alt=\"\" srcset=\"https:\/\/associationepireuil.fr\/wp-content\/uploads\/2026\/04\/260424_Epireuil_Merci_Partenaires_Logos-1024x552.png 1024w, https:\/\/associationepireuil.fr\/wp-content\/uploads\/2026\/04\/260424_Epireuil_Merci_Partenaires_Logos-300x162.png 300w, https:\/\/associationepireuil.fr\/wp-content\/uploads\/2026\/04\/260424_Epireuil_Merci_Partenaires_Logos-768x414.png 768w, https:\/\/associationepireuil.fr\/wp-content\/uploads\/2026\/04\/260424_Epireuil_Merci_Partenaires_Logos.png 1033w\" sizes=\"(max-width: 720px) 100vw, 720px\" \/>\t\t\t\t\t\t\t\t\t\t\t\t\t<\/div>\n\t\t\t\t<\/div>\n\t\t\t\t\t<\/div>\n\t\t<\/div>\n\t\t\t\t\t<\/div>\n\t\t<\/section>\n\t\t\t\t<\/div>\n\t\t","protected":false},"excerpt":{"rendered":"<p>Ils ont choisi de participer \u00e0 cette belle aventure que propose l&rsquo;association Epireuil. Ce sont nos partenaires.\u00a0 Ils nous apportent leur support gr\u00e2ce \u00e0 un soutien financier, \u00e0 un don de marchandises ou des services. Merci \u00e0 eux. Et si<\/p>\n","protected":false},"author":146,"featured_media":0,"parent":44,"menu_order":4,"comment_status":"closed","ping_status":"closed","template":"","meta":{"_eb_attr":"","footnotes":""},"yoast_head":"<!-- This site is optimized with the Yoast SEO plugin v22.2 - https:\/\/yoast.com\/wordpress\/plugins\/seo\/ -->\n<title>Nos partenaires -<\/title>\n<meta name=\"description\" content=\"Retrouvez ici les partenaires de l&#039;association Epireuil qui font que cette belle aventure puisse continuer\" \/>\n<meta name=\"robots\" content=\"index, follow, max-snippet:-1, max-image-preview:large, max-video-preview:-1\" \/>\n<link rel=\"canonical\" href=\"https:\/\/associationepireuil.fr\/?page_id=5284\" \/>\n<meta property=\"og:locale\" content=\"fr_FR\" \/>\n<meta property=\"og:type\" content=\"article\" \/>\n<meta property=\"og:title\" content=\"Nos partenaires -\" \/>\n<meta property=\"og:description\" content=\"Retrouvez ici les partenaires de l&#039;association Epireuil qui font que cette belle aventure puisse continuer\" \/>\n<meta property=\"og:url\" content=\"https:\/\/associationepireuil.fr\/?page_id=5284\" \/>\n<meta property=\"article:publisher\" content=\"https:\/\/www.facebook.com\/Epireuil\/\" \/>\n<meta property=\"article:modified_time\" content=\"2026-04-24T13:18:44+00:00\" \/>\n<meta property=\"og:image\" content=\"https:\/\/associationepireuil.fr\/wp-content\/uploads\/2026\/04\/260424_Epireuil_Merci_Partenaires_Logos-1024x552.png\" \/>\n<meta name=\"twitter:card\" content=\"summary_large_image\" \/>\n<meta name=\"twitter:label1\" content=\"Dur\u00e9e de lecture estim\u00e9e\" \/>\n\t<meta name=\"twitter:data1\" content=\"1 minute\" \/>\n<script type=\"application\/ld+json\" class=\"yoast-schema-graph\">{\"@context\":\"https:\/\/schema.org\",\"@graph\":[{\"@type\":\"WebPage\",\"@id\":\"https:\/\/associationepireuil.fr\/?page_id=5284\",\"url\":\"https:\/\/associationepireuil.fr\/?page_id=5284\",\"name\":\"Nos partenaires -\",\"isPartOf\":{\"@id\":\"https:\/\/associationepireuil.fr\/#website\"},\"primaryImageOfPage\":{\"@id\":\"https:\/\/associationepireuil.fr\/?page_id=5284#primaryimage\"},\"image\":{\"@id\":\"https:\/\/associationepireuil.fr\/?page_id=5284#primaryimage\"},\"thumbnailUrl\":\"https:\/\/associationepireuil.fr\/wp-content\/uploads\/2026\/04\/260424_Epireuil_Merci_Partenaires_Logos-1024x552.png\",\"datePublished\":\"2022-10-18T07:50:35+00:00\",\"dateModified\":\"2026-04-24T13:18:44+00:00\",\"description\":\"Retrouvez ici les partenaires de l'association Epireuil qui font que cette belle aventure puisse continuer\",\"breadcrumb\":{\"@id\":\"https:\/\/associationepireuil.fr\/?page_id=5284#breadcrumb\"},\"inLanguage\":\"fr-FR\",\"potentialAction\":[{\"@type\":\"ReadAction\",\"target\":[\"https:\/\/associationepireuil.fr\/?page_id=5284\"]}]},{\"@type\":\"ImageObject\",\"inLanguage\":\"fr-FR\",\"@id\":\"https:\/\/associationepireuil.fr\/?page_id=5284#primaryimage\",\"url\":\"https:\/\/associationepireuil.fr\/wp-content\/uploads\/2026\/04\/260424_Epireuil_Merci_Partenaires_Logos.png\",\"contentUrl\":\"https:\/\/associationepireuil.fr\/wp-content\/uploads\/2026\/04\/260424_Epireuil_Merci_Partenaires_Logos.png\",\"width\":1033,\"height\":557},{\"@type\":\"BreadcrumbList\",\"@id\":\"https:\/\/associationepireuil.fr\/?page_id=5284#breadcrumb\",\"itemListElement\":[{\"@type\":\"ListItem\",\"position\":1,\"name\":\"Accueil\",\"item\":\"https:\/\/associationepireuil.fr\/\"},{\"@type\":\"ListItem\",\"position\":2,\"name\":\"En savoir plus\",\"item\":\"https:\/\/associationepireuil.fr\/?page_id=44\"},{\"@type\":\"ListItem\",\"position\":3,\"name\":\"Nos partenaires\"}]},{\"@type\":\"WebSite\",\"@id\":\"https:\/\/associationepireuil.fr\/#website\",\"url\":\"https:\/\/associationepireuil.fr\/\",\"name\":\"\",\"description\":\"\",\"potentialAction\":[{\"@type\":\"SearchAction\",\"target\":{\"@type\":\"EntryPoint\",\"urlTemplate\":\"https:\/\/associationepireuil.fr\/?s={search_term_string}\"},\"query-input\":\"required name=search_term_string\"}],\"inLanguage\":\"fr-FR\"}]}<\/script>\n<!-- \/ Yoast SEO plugin. -->","yoast_head_json":{"title":"Nos partenaires -","description":"Retrouvez ici les partenaires de l'association Epireuil qui font que cette belle aventure puisse continuer","robots":{"index":"index","follow":"follow","max-snippet":"max-snippet:-1","max-image-preview":"max-image-preview:large","max-video-preview":"max-video-preview:-1"},"canonical":"https:\/\/associationepireuil.fr\/?page_id=5284","og_locale":"fr_FR","og_type":"article","og_title":"Nos partenaires -","og_description":"Retrouvez ici les partenaires de l'association Epireuil qui font que cette belle aventure puisse continuer","og_url":"https:\/\/associationepireuil.fr\/?page_id=5284","article_publisher":"https:\/\/www.facebook.com\/Epireuil\/","article_modified_time":"2026-04-24T13:18:44+00:00","og_image":[{"url":"https:\/\/associationepireuil.fr\/wp-content\/uploads\/2026\/04\/260424_Epireuil_Merci_Partenaires_Logos-1024x552.png"}],"twitter_card":"summary_large_image","twitter_misc":{"Dur\u00e9e de lecture estim\u00e9e":"1 minute"},"schema":{"@context":"https:\/\/schema.org","@graph":[{"@type":"WebPage","@id":"https:\/\/associationepireuil.fr\/?page_id=5284","url":"https:\/\/associationepireuil.fr\/?page_id=5284","name":"Nos partenaires -","isPartOf":{"@id":"https:\/\/associationepireuil.fr\/#website"},"primaryImageOfPage":{"@id":"https:\/\/associationepireuil.fr\/?page_id=5284#primaryimage"},"image":{"@id":"https:\/\/associationepireuil.fr\/?page_id=5284#primaryimage"},"thumbnailUrl":"https:\/\/associationepireuil.fr\/wp-content\/uploads\/2026\/04\/260424_Epireuil_Merci_Partenaires_Logos-1024x552.png","datePublished":"2022-10-18T07:50:35+00:00","dateModified":"2026-04-24T13:18:44+00:00","description":"Retrouvez ici les partenaires de l'association Epireuil qui font que cette belle aventure puisse continuer","breadcrumb":{"@id":"https:\/\/associationepireuil.fr\/?page_id=5284#breadcrumb"},"inLanguage":"fr-FR","potentialAction":[{"@type":"ReadAction","target":["https:\/\/associationepireuil.fr\/?page_id=5284"]}]},{"@type":"ImageObject","inLanguage":"fr-FR","@id":"https:\/\/associationepireuil.fr\/?page_id=5284#primaryimage","url":"https:\/\/associationepireuil.fr\/wp-content\/uploads\/2026\/04\/260424_Epireuil_Merci_Partenaires_Logos.png","contentUrl":"https:\/\/associationepireuil.fr\/wp-content\/uploads\/2026\/04\/260424_Epireuil_Merci_Partenaires_Logos.png","width":1033,"height":557},{"@type":"BreadcrumbList","@id":"https:\/\/associationepireuil.fr\/?page_id=5284#breadcrumb","itemListElement":[{"@type":"ListItem","position":1,"name":"Accueil","item":"https:\/\/associationepireuil.fr\/"},{"@type":"ListItem","position":2,"name":"En savoir plus","item":"https:\/\/associationepireuil.fr\/?page_id=44"},{"@type":"ListItem","position":3,"name":"Nos partenaires"}]},{"@type":"WebSite","@id":"https:\/\/associationepireuil.fr\/#website","url":"https:\/\/associationepireuil.fr\/","name":"","description":"","potentialAction":[{"@type":"SearchAction","target":{"@type":"EntryPoint","urlTemplate":"https:\/\/associationepireuil.fr\/?s={search_term_string}"},"query-input":"required name=search_term_string"}],"inLanguage":"fr-FR"}]}},"_links":{"self":[{"href":"https:\/\/associationepireuil.fr\/index.php?rest_route=\/wp\/v2\/pages\/5284"}],"collection":[{"href":"https:\/\/associationepireuil.fr\/index.php?rest_route=\/wp\/v2\/pages"}],"about":[{"href":"https:\/\/associationepireuil.fr\/index.php?rest_route=\/wp\/v2\/types\/page"}],"author":[{"embeddable":true,"href":"https:\/\/associationepireuil.fr\/index.php?rest_route=\/wp\/v2\/users\/146"}],"replies":[{"embeddable":true,"href":"https:\/\/associationepireuil.fr\/index.php?rest_route=%2Fwp%2Fv2%2Fcomments&post=5284"}],"version-history":[{"count":23,"href":"https:\/\/associationepireuil.fr\/index.php?rest_route=\/wp\/v2\/pages\/5284\/revisions"}],"predecessor-version":[{"id":5992,"href":"https:\/\/associationepireuil.fr\/index.php?rest_route=\/wp\/v2\/pages\/5284\/revisions\/5992"}],"up":[{"embeddable":true,"href":"https:\/\/associationepireuil.fr\/index.php?rest_route=\/wp\/v2\/pages\/44"}],"wp:attachment":[{"href":"https:\/\/associationepireuil.fr\/index.php?rest_route=%2Fwp%2Fv2%2Fmedia&parent=5284"}],"curies":[{"name":"wp","href":"https:\/\/api.w.org\/{rel}","templated":true}]}}