{"id":1332,"date":"2018-09-25T09:48:57","date_gmt":"2018-09-25T09:48:57","guid":{"rendered":"http:\/\/associationepireuil.fr\/?post_type=product&#038;p=1332"},"modified":"2023-01-24T10:10:21","modified_gmt":"2023-01-24T10:10:21","slug":"petits-pots","status":"publish","type":"product","link":"https:\/\/associationepireuil.fr\/?product=petits-pots","title":{"rendered":"Petits pots (\u00e0 l&rsquo;unit\u00e9)"},"content":{"rendered":"<p>Petits pots de 200\/300g pour b\u00e9b\u00e9 vendus \u00e0 l&rsquo;unit\u00e9.<\/p>\n<p>Pour commencer la diversification de l&rsquo;alimentation de b\u00e9b\u00e9 vers 4 \u00e0 6 mois (n&rsquo;h\u00e9sitez pas \u00e0 demander l&rsquo;avis de votre m\u00e9decin g\u00e9n\u00e9raliste ou de votre p\u00e9diatre). Les premiers temps, vous pouvez lui donner une \u00e0 deux cuiller\u00e9es de petit pots (\u00e0 l&rsquo;aide d&rsquo;une cuill\u00e8re en plastique adapt\u00e9e) avant sa t\u00e9t\u00e9e ou son biberon ou en m\u00e9langer quelques cuiller\u00e9es dans son biberon de lait habituel.<\/p>\n<p>&nbsp;<\/p>\n<p><strong>Recyclage des petits pots<\/strong><\/p>\n<p>Vous pouvez choisir de jeter les pots (dans les containers verre) ou les nettoyer et r\u00e9utiliser apr\u00e8s, pourquoi pas, les avoir d\u00e9cor\u00e9s (ex : photophore, conservation d&rsquo;\u00e9pices ou de petits objets, pots pour petites plantes grasses&#8230;). Des <a href=\"https:\/\/associationepireuil.fr\/?page_id=4376\" target=\"_blank\" rel=\"noopener\">ateliers de loisirs cr\u00e9atifs<\/a> vous sont r\u00e9guli\u00e8rement propos\u00e9s chez Epireuil. Renseignez-vous.<\/p>\n","protected":false},"excerpt":{"rendered":"<p>Petits pots de 200\/300g pour b\u00e9b\u00e9 vendus \u00e0 l&rsquo;unit\u00e9. Pour commencer la diversification de l&rsquo;alimentation de b\u00e9b\u00e9 vers 4 \u00e0 6 mois (n&rsquo;h\u00e9sitez pas \u00e0 demander l&rsquo;avis de votre m\u00e9decin g\u00e9n\u00e9raliste ou de votre p\u00e9diatre). Les premiers temps, vous pouvez<\/p>\n","protected":false},"featured_media":5488,"template":"","meta":{"_eb_attr":""},"product_cat":[27],"product_tag":[],"yoast_head":"<!-- This site is optimized with the Yoast SEO plugin v22.2 - https:\/\/yoast.com\/wordpress\/plugins\/seo\/ -->\n<title>Petits pots (\u00e0 l&#039;unit\u00e9) -<\/title>\n<meta name=\"description\" content=\"Petits pots pour b\u00e9b\u00e9 pour commencer son apprentissage du go\u00fbt gr\u00e2ce \u00e0 la diversification alimentaire (\u00e0 partir de 4 \u00e0 6 mois)\" \/>\n<meta name=\"robots\" content=\"index, follow, max-snippet:-1, max-image-preview:large, max-video-preview:-1\" \/>\n<link rel=\"canonical\" href=\"https:\/\/associationepireuil.fr\/?product=petits-pots\" \/>\n<meta property=\"og:locale\" content=\"fr_FR\" \/>\n<meta property=\"og:type\" content=\"article\" \/>\n<meta property=\"og:title\" content=\"Petits pots (\u00e0 l&#039;unit\u00e9) -\" \/>\n<meta property=\"og:description\" content=\"Petits pots pour b\u00e9b\u00e9 pour commencer son apprentissage du go\u00fbt gr\u00e2ce \u00e0 la diversification alimentaire (\u00e0 partir de 4 \u00e0 6 mois)\" \/>\n<meta property=\"og:url\" content=\"https:\/\/associationepireuil.fr\/?product=petits-pots\" \/>\n<meta property=\"article:publisher\" content=\"https:\/\/www.facebook.com\/Epireuil\/\" \/>\n<meta property=\"article:modified_time\" content=\"2023-01-24T10:10:21+00:00\" \/>\n<meta property=\"og:image\" content=\"https:\/\/associationepireuil.fr\/wp-content\/uploads\/2018\/09\/Boutique_petits_pots.jpg\" \/>\n\t<meta property=\"og:image:width\" content=\"800\" \/>\n\t<meta property=\"og:image:height\" content=\"800\" \/>\n\t<meta property=\"og:image:type\" content=\"image\/jpeg\" \/>\n<meta name=\"twitter:card\" content=\"summary_large_image\" \/>\n<meta name=\"twitter:label1\" content=\"Dur\u00e9e de lecture estim\u00e9e\" \/>\n\t<meta name=\"twitter:data1\" content=\"1 minute\" \/>\n<script type=\"application\/ld+json\" class=\"yoast-schema-graph\">{\"@context\":\"https:\/\/schema.org\",\"@graph\":[{\"@type\":\"WebPage\",\"@id\":\"https:\/\/associationepireuil.fr\/?product=petits-pots\",\"url\":\"https:\/\/associationepireuil.fr\/?product=petits-pots\",\"name\":\"Petits pots (\u00e0 l'unit\u00e9) -\",\"isPartOf\":{\"@id\":\"https:\/\/associationepireuil.fr\/#website\"},\"primaryImageOfPage\":{\"@id\":\"https:\/\/associationepireuil.fr\/?product=petits-pots#primaryimage\"},\"image\":{\"@id\":\"https:\/\/associationepireuil.fr\/?product=petits-pots#primaryimage\"},\"thumbnailUrl\":\"https:\/\/associationepireuil.fr\/wp-content\/uploads\/2018\/09\/Boutique_petits_pots.jpg\",\"datePublished\":\"2018-09-25T09:48:57+00:00\",\"dateModified\":\"2023-01-24T10:10:21+00:00\",\"description\":\"Petits pots pour b\u00e9b\u00e9 pour commencer son apprentissage du go\u00fbt gr\u00e2ce \u00e0 la diversification alimentaire (\u00e0 partir de 4 \u00e0 6 mois)\",\"breadcrumb\":{\"@id\":\"https:\/\/associationepireuil.fr\/?product=petits-pots#breadcrumb\"},\"inLanguage\":\"fr-FR\",\"potentialAction\":[{\"@type\":\"ReadAction\",\"target\":[\"https:\/\/associationepireuil.fr\/?product=petits-pots\"]}]},{\"@type\":\"ImageObject\",\"inLanguage\":\"fr-FR\",\"@id\":\"https:\/\/associationepireuil.fr\/?product=petits-pots#primaryimage\",\"url\":\"https:\/\/associationepireuil.fr\/wp-content\/uploads\/2018\/09\/Boutique_petits_pots.jpg\",\"contentUrl\":\"https:\/\/associationepireuil.fr\/wp-content\/uploads\/2018\/09\/Boutique_petits_pots.jpg\",\"width\":800,\"height\":800,\"caption\":\"Petits pots pour b\u00e9b\u00e9\"},{\"@type\":\"BreadcrumbList\",\"@id\":\"https:\/\/associationepireuil.fr\/?product=petits-pots#breadcrumb\",\"itemListElement\":[{\"@type\":\"ListItem\",\"position\":1,\"name\":\"Accueil\",\"item\":\"https:\/\/associationepireuil.fr\/\"},{\"@type\":\"ListItem\",\"position\":2,\"name\":\"Boutique\",\"item\":\"https:\/\/associationepireuil.fr\/?page_id=1295\"},{\"@type\":\"ListItem\",\"position\":3,\"name\":\"Petits pots (\u00e0 l&rsquo;unit\u00e9)\"}]},{\"@type\":\"WebSite\",\"@id\":\"https:\/\/associationepireuil.fr\/#website\",\"url\":\"https:\/\/associationepireuil.fr\/\",\"name\":\"\",\"description\":\"\",\"potentialAction\":[{\"@type\":\"SearchAction\",\"target\":{\"@type\":\"EntryPoint\",\"urlTemplate\":\"https:\/\/associationepireuil.fr\/?s={search_term_string}\"},\"query-input\":\"required name=search_term_string\"}],\"inLanguage\":\"fr-FR\"}]}<\/script>\n<!-- \/ Yoast SEO plugin. -->","yoast_head_json":{"title":"Petits pots (\u00e0 l'unit\u00e9) -","description":"Petits pots pour b\u00e9b\u00e9 pour commencer son apprentissage du go\u00fbt gr\u00e2ce \u00e0 la diversification alimentaire (\u00e0 partir de 4 \u00e0 6 mois)","robots":{"index":"index","follow":"follow","max-snippet":"max-snippet:-1","max-image-preview":"max-image-preview:large","max-video-preview":"max-video-preview:-1"},"canonical":"https:\/\/associationepireuil.fr\/?product=petits-pots","og_locale":"fr_FR","og_type":"article","og_title":"Petits pots (\u00e0 l'unit\u00e9) -","og_description":"Petits pots pour b\u00e9b\u00e9 pour commencer son apprentissage du go\u00fbt gr\u00e2ce \u00e0 la diversification alimentaire (\u00e0 partir de 4 \u00e0 6 mois)","og_url":"https:\/\/associationepireuil.fr\/?product=petits-pots","article_publisher":"https:\/\/www.facebook.com\/Epireuil\/","article_modified_time":"2023-01-24T10:10:21+00:00","og_image":[{"width":800,"height":800,"url":"https:\/\/associationepireuil.fr\/wp-content\/uploads\/2018\/09\/Boutique_petits_pots.jpg","type":"image\/jpeg"}],"twitter_card":"summary_large_image","twitter_misc":{"Dur\u00e9e de lecture estim\u00e9e":"1 minute"},"schema":{"@context":"https:\/\/schema.org","@graph":[{"@type":"WebPage","@id":"https:\/\/associationepireuil.fr\/?product=petits-pots","url":"https:\/\/associationepireuil.fr\/?product=petits-pots","name":"Petits pots (\u00e0 l'unit\u00e9) -","isPartOf":{"@id":"https:\/\/associationepireuil.fr\/#website"},"primaryImageOfPage":{"@id":"https:\/\/associationepireuil.fr\/?product=petits-pots#primaryimage"},"image":{"@id":"https:\/\/associationepireuil.fr\/?product=petits-pots#primaryimage"},"thumbnailUrl":"https:\/\/associationepireuil.fr\/wp-content\/uploads\/2018\/09\/Boutique_petits_pots.jpg","datePublished":"2018-09-25T09:48:57+00:00","dateModified":"2023-01-24T10:10:21+00:00","description":"Petits pots pour b\u00e9b\u00e9 pour commencer son apprentissage du go\u00fbt gr\u00e2ce \u00e0 la diversification alimentaire (\u00e0 partir de 4 \u00e0 6 mois)","breadcrumb":{"@id":"https:\/\/associationepireuil.fr\/?product=petits-pots#breadcrumb"},"inLanguage":"fr-FR","potentialAction":[{"@type":"ReadAction","target":["https:\/\/associationepireuil.fr\/?product=petits-pots"]}]},{"@type":"ImageObject","inLanguage":"fr-FR","@id":"https:\/\/associationepireuil.fr\/?product=petits-pots#primaryimage","url":"https:\/\/associationepireuil.fr\/wp-content\/uploads\/2018\/09\/Boutique_petits_pots.jpg","contentUrl":"https:\/\/associationepireuil.fr\/wp-content\/uploads\/2018\/09\/Boutique_petits_pots.jpg","width":800,"height":800,"caption":"Petits pots pour b\u00e9b\u00e9"},{"@type":"BreadcrumbList","@id":"https:\/\/associationepireuil.fr\/?product=petits-pots#breadcrumb","itemListElement":[{"@type":"ListItem","position":1,"name":"Accueil","item":"https:\/\/associationepireuil.fr\/"},{"@type":"ListItem","position":2,"name":"Boutique","item":"https:\/\/associationepireuil.fr\/?page_id=1295"},{"@type":"ListItem","position":3,"name":"Petits pots (\u00e0 l&rsquo;unit\u00e9)"}]},{"@type":"WebSite","@id":"https:\/\/associationepireuil.fr\/#website","url":"https:\/\/associationepireuil.fr\/","name":"","description":"","potentialAction":[{"@type":"SearchAction","target":{"@type":"EntryPoint","urlTemplate":"https:\/\/associationepireuil.fr\/?s={search_term_string}"},"query-input":"required name=search_term_string"}],"inLanguage":"fr-FR"}]}},"_links":{"self":[{"href":"https:\/\/associationepireuil.fr\/index.php?rest_route=\/wp\/v2\/product\/1332"}],"collection":[{"href":"https:\/\/associationepireuil.fr\/index.php?rest_route=\/wp\/v2\/product"}],"about":[{"href":"https:\/\/associationepireuil.fr\/index.php?rest_route=\/wp\/v2\/types\/product"}],"wp:featuredmedia":[{"embeddable":true,"href":"https:\/\/associationepireuil.fr\/index.php?rest_route=\/wp\/v2\/media\/5488"}],"wp:attachment":[{"href":"https:\/\/associationepireuil.fr\/index.php?rest_route=%2Fwp%2Fv2%2Fmedia&parent=1332"}],"wp:term":[{"taxonomy":"product_cat","embeddable":true,"href":"https:\/\/associationepireuil.fr\/index.php?rest_route=%2Fwp%2Fv2%2Fproduct_cat&post=1332"},{"taxonomy":"product_tag","embeddable":true,"href":"https:\/\/associationepireuil.fr\/index.php?rest_route=%2Fwp%2Fv2%2Fproduct_tag&post=1332"}],"curies":[{"name":"wp","href":"https:\/\/api.w.org\/{rel}","templated":true}]}}