{"id":1658,"date":"2019-01-18T13:26:16","date_gmt":"2019-01-18T13:26:16","guid":{"rendered":"http:\/\/associationepireuil.fr\/?post_type=product&#038;p=1658"},"modified":"2022-12-20T15:59:40","modified_gmt":"2022-12-20T15:59:40","slug":"serviette-hygienique","status":"publish","type":"product","link":"https:\/\/associationepireuil.fr\/?product=serviette-hygienique","title":{"rendered":"Serviette hygi\u00e9nique"},"content":{"rendered":"<p>Serviette hygi\u00e9nique<\/p>\n<p>&nbsp;<\/p>\n<p><em>Protection p\u00e9riodique intime externe destin\u00e9e \u00e0 absorber le sang pendant les r\u00e8gles et prot\u00e9ger ainsi vos v\u00eatements. Les serviettes hygi\u00e9niques doivent \u00eatre chang\u00e9es au plus tard toutes les quatre heures. Lavez-vous les mains avant de les mettre et apr\u00e8s les avoir enlev\u00e9es. Enfin, jetez vos serviettes hygi\u00e9niques \u00e0 la poubelle et non dans la cuvette des toilettes (au risque de les boucher).\u00a0<\/em><\/p>\n<p>&nbsp;<\/p>\n","protected":false},"excerpt":{"rendered":"<p>Serviette hygi\u00e9nique &nbsp; Protection p\u00e9riodique intime externe destin\u00e9e \u00e0 absorber le sang pendant les r\u00e8gles et prot\u00e9ger ainsi vos v\u00eatements. Les serviettes hygi\u00e9niques doivent \u00eatre chang\u00e9es au plus tard toutes les quatre heures. Lavez-vous les mains avant de les mettre<\/p>\n","protected":false},"featured_media":5416,"template":"","meta":{"_eb_attr":""},"product_cat":[28],"product_tag":[],"yoast_head":"<!-- This site is optimized with the Yoast SEO plugin v22.2 - https:\/\/yoast.com\/wordpress\/plugins\/seo\/ -->\n<title>Serviette hygi\u00e9nique -<\/title>\n<meta name=\"description\" content=\"Serviette hygi\u00e9nique\" \/>\n<meta name=\"robots\" content=\"index, follow, max-snippet:-1, max-image-preview:large, max-video-preview:-1\" \/>\n<link rel=\"canonical\" href=\"https:\/\/associationepireuil.fr\/?product=serviette-hygienique\" \/>\n<meta property=\"og:locale\" content=\"fr_FR\" \/>\n<meta property=\"og:type\" content=\"article\" \/>\n<meta property=\"og:title\" content=\"Serviette hygi\u00e9nique -\" \/>\n<meta property=\"og:description\" content=\"Serviette hygi\u00e9nique\" \/>\n<meta property=\"og:url\" content=\"https:\/\/associationepireuil.fr\/?product=serviette-hygienique\" \/>\n<meta property=\"article:publisher\" content=\"https:\/\/www.facebook.com\/Epireuil\/\" \/>\n<meta property=\"article:modified_time\" content=\"2022-12-20T15:59:40+00:00\" \/>\n<meta property=\"og:image\" content=\"https:\/\/associationepireuil.fr\/wp-content\/uploads\/2019\/01\/Boutique_serviette_hygienique.jpg\" \/>\n\t<meta property=\"og:image:width\" content=\"800\" \/>\n\t<meta property=\"og:image:height\" content=\"800\" \/>\n\t<meta property=\"og:image:type\" content=\"image\/jpeg\" \/>\n<meta name=\"twitter:card\" content=\"summary_large_image\" \/>\n<meta name=\"twitter:label1\" content=\"Dur\u00e9e de lecture estim\u00e9e\" \/>\n\t<meta name=\"twitter:data1\" content=\"1 minute\" \/>\n<script type=\"application\/ld+json\" class=\"yoast-schema-graph\">{\"@context\":\"https:\/\/schema.org\",\"@graph\":[{\"@type\":\"WebPage\",\"@id\":\"https:\/\/associationepireuil.fr\/?product=serviette-hygienique\",\"url\":\"https:\/\/associationepireuil.fr\/?product=serviette-hygienique\",\"name\":\"Serviette hygi\u00e9nique -\",\"isPartOf\":{\"@id\":\"https:\/\/associationepireuil.fr\/#website\"},\"primaryImageOfPage\":{\"@id\":\"https:\/\/associationepireuil.fr\/?product=serviette-hygienique#primaryimage\"},\"image\":{\"@id\":\"https:\/\/associationepireuil.fr\/?product=serviette-hygienique#primaryimage\"},\"thumbnailUrl\":\"https:\/\/associationepireuil.fr\/wp-content\/uploads\/2019\/01\/Boutique_serviette_hygienique.jpg\",\"datePublished\":\"2019-01-18T13:26:16+00:00\",\"dateModified\":\"2022-12-20T15:59:40+00:00\",\"description\":\"Serviette hygi\u00e9nique\",\"breadcrumb\":{\"@id\":\"https:\/\/associationepireuil.fr\/?product=serviette-hygienique#breadcrumb\"},\"inLanguage\":\"fr-FR\",\"potentialAction\":[{\"@type\":\"ReadAction\",\"target\":[\"https:\/\/associationepireuil.fr\/?product=serviette-hygienique\"]}]},{\"@type\":\"ImageObject\",\"inLanguage\":\"fr-FR\",\"@id\":\"https:\/\/associationepireuil.fr\/?product=serviette-hygienique#primaryimage\",\"url\":\"https:\/\/associationepireuil.fr\/wp-content\/uploads\/2019\/01\/Boutique_serviette_hygienique.jpg\",\"contentUrl\":\"https:\/\/associationepireuil.fr\/wp-content\/uploads\/2019\/01\/Boutique_serviette_hygienique.jpg\",\"width\":800,\"height\":800,\"caption\":\"Boutique Epireuil - Serviettes hygi\u00e9niques\"},{\"@type\":\"BreadcrumbList\",\"@id\":\"https:\/\/associationepireuil.fr\/?product=serviette-hygienique#breadcrumb\",\"itemListElement\":[{\"@type\":\"ListItem\",\"position\":1,\"name\":\"Accueil\",\"item\":\"https:\/\/associationepireuil.fr\/\"},{\"@type\":\"ListItem\",\"position\":2,\"name\":\"Boutique\",\"item\":\"https:\/\/associationepireuil.fr\/?page_id=1295\"},{\"@type\":\"ListItem\",\"position\":3,\"name\":\"Serviette hygi\u00e9nique\"}]},{\"@type\":\"WebSite\",\"@id\":\"https:\/\/associationepireuil.fr\/#website\",\"url\":\"https:\/\/associationepireuil.fr\/\",\"name\":\"\",\"description\":\"\",\"potentialAction\":[{\"@type\":\"SearchAction\",\"target\":{\"@type\":\"EntryPoint\",\"urlTemplate\":\"https:\/\/associationepireuil.fr\/?s={search_term_string}\"},\"query-input\":\"required name=search_term_string\"}],\"inLanguage\":\"fr-FR\"}]}<\/script>\n<!-- \/ Yoast SEO plugin. -->","yoast_head_json":{"title":"Serviette hygi\u00e9nique -","description":"Serviette hygi\u00e9nique","robots":{"index":"index","follow":"follow","max-snippet":"max-snippet:-1","max-image-preview":"max-image-preview:large","max-video-preview":"max-video-preview:-1"},"canonical":"https:\/\/associationepireuil.fr\/?product=serviette-hygienique","og_locale":"fr_FR","og_type":"article","og_title":"Serviette hygi\u00e9nique -","og_description":"Serviette hygi\u00e9nique","og_url":"https:\/\/associationepireuil.fr\/?product=serviette-hygienique","article_publisher":"https:\/\/www.facebook.com\/Epireuil\/","article_modified_time":"2022-12-20T15:59:40+00:00","og_image":[{"width":800,"height":800,"url":"https:\/\/associationepireuil.fr\/wp-content\/uploads\/2019\/01\/Boutique_serviette_hygienique.jpg","type":"image\/jpeg"}],"twitter_card":"summary_large_image","twitter_misc":{"Dur\u00e9e de lecture estim\u00e9e":"1 minute"},"schema":{"@context":"https:\/\/schema.org","@graph":[{"@type":"WebPage","@id":"https:\/\/associationepireuil.fr\/?product=serviette-hygienique","url":"https:\/\/associationepireuil.fr\/?product=serviette-hygienique","name":"Serviette hygi\u00e9nique -","isPartOf":{"@id":"https:\/\/associationepireuil.fr\/#website"},"primaryImageOfPage":{"@id":"https:\/\/associationepireuil.fr\/?product=serviette-hygienique#primaryimage"},"image":{"@id":"https:\/\/associationepireuil.fr\/?product=serviette-hygienique#primaryimage"},"thumbnailUrl":"https:\/\/associationepireuil.fr\/wp-content\/uploads\/2019\/01\/Boutique_serviette_hygienique.jpg","datePublished":"2019-01-18T13:26:16+00:00","dateModified":"2022-12-20T15:59:40+00:00","description":"Serviette hygi\u00e9nique","breadcrumb":{"@id":"https:\/\/associationepireuil.fr\/?product=serviette-hygienique#breadcrumb"},"inLanguage":"fr-FR","potentialAction":[{"@type":"ReadAction","target":["https:\/\/associationepireuil.fr\/?product=serviette-hygienique"]}]},{"@type":"ImageObject","inLanguage":"fr-FR","@id":"https:\/\/associationepireuil.fr\/?product=serviette-hygienique#primaryimage","url":"https:\/\/associationepireuil.fr\/wp-content\/uploads\/2019\/01\/Boutique_serviette_hygienique.jpg","contentUrl":"https:\/\/associationepireuil.fr\/wp-content\/uploads\/2019\/01\/Boutique_serviette_hygienique.jpg","width":800,"height":800,"caption":"Boutique Epireuil - Serviettes hygi\u00e9niques"},{"@type":"BreadcrumbList","@id":"https:\/\/associationepireuil.fr\/?product=serviette-hygienique#breadcrumb","itemListElement":[{"@type":"ListItem","position":1,"name":"Accueil","item":"https:\/\/associationepireuil.fr\/"},{"@type":"ListItem","position":2,"name":"Boutique","item":"https:\/\/associationepireuil.fr\/?page_id=1295"},{"@type":"ListItem","position":3,"name":"Serviette hygi\u00e9nique"}]},{"@type":"WebSite","@id":"https:\/\/associationepireuil.fr\/#website","url":"https:\/\/associationepireuil.fr\/","name":"","description":"","potentialAction":[{"@type":"SearchAction","target":{"@type":"EntryPoint","urlTemplate":"https:\/\/associationepireuil.fr\/?s={search_term_string}"},"query-input":"required name=search_term_string"}],"inLanguage":"fr-FR"}]}},"_links":{"self":[{"href":"https:\/\/associationepireuil.fr\/index.php?rest_route=\/wp\/v2\/product\/1658"}],"collection":[{"href":"https:\/\/associationepireuil.fr\/index.php?rest_route=\/wp\/v2\/product"}],"about":[{"href":"https:\/\/associationepireuil.fr\/index.php?rest_route=\/wp\/v2\/types\/product"}],"wp:featuredmedia":[{"embeddable":true,"href":"https:\/\/associationepireuil.fr\/index.php?rest_route=\/wp\/v2\/media\/5416"}],"wp:attachment":[{"href":"https:\/\/associationepireuil.fr\/index.php?rest_route=%2Fwp%2Fv2%2Fmedia&parent=1658"}],"wp:term":[{"taxonomy":"product_cat","embeddable":true,"href":"https:\/\/associationepireuil.fr\/index.php?rest_route=%2Fwp%2Fv2%2Fproduct_cat&post=1658"},{"taxonomy":"product_tag","embeddable":true,"href":"https:\/\/associationepireuil.fr\/index.php?rest_route=%2Fwp%2Fv2%2Fproduct_tag&post=1658"}],"curies":[{"name":"wp","href":"https:\/\/api.w.org\/{rel}","templated":true}]}}